0
Calculate the highest common factor of 1176 and 215232.
24
Calculate the greatest common factor of 735 and 6272.
49
Calculate the greatest common factor of 266807 and 111.
37
What is the greatest common factor of 13125 and 78125?
625
Calculate the greatest common factor of 178038 and 83838.
942
Calculate the greatest common factor of 2 and 4645516.
2
What is the highest common divisor of 574064 and 32?
16
Calculate the greatest common factor of 103548 and 12.
12
What is the greatest common divisor of 14 and 1321103?
7
Calculate the greatest common divisor of 2090 and 807785.
1045
What is the greatest common divisor of 5159 and 22?
11
What is the highest common divisor of 29211 and 84?
21
What is the greatest common factor of 201318 and 4350?
174
Calculate the greatest common divisor of 105 and 464415.
105
Calculate the greatest common factor of 2668 and 173884.
116
What is the highest common divisor of 57319 and 217?
31
Calculate the highest common factor of 14487 and 66.
33
What is the highest common factor of 4950 and 1166?
22
What is the highest common divisor of 302 and 560059?
151
What is the highest common divisor of 56043 and 333?
9
Calculate the highest common divisor of 186 and 10742.
2
Calculate the highest common divisor of 711823 and 398.
199
Calculate the highest common factor of 6068 and 820.
164
Calculate the greatest common factor of 1152 and 640.
128
Calculate the greatest common factor of 18625 and 500.
125
Calculate the greatest common divisor of 3092694 and 94.
94
Calculate the greatest common divisor of 171801 and 21.
21
Calculate the highest common factor of 21 and 2949.
3
Calculate the highest common factor of 1763 and 164.
41
Calculate the highest common factor of 39 and 1561443.
39
Calculate the greatest common divisor of 47710 and 367.
367
Calculate the highest common factor of 3102 and 6666.
66
What is the highest common divisor of 43999 and 23?
23
What is the highest common divisor of 72 and 79776?
72
What is the greatest common factor of 237 and 3840427?
79
Calculate the highest common divisor of 20652 and 24.
12
What is the greatest common factor of 793188 and 1188?
396
Calculate the greatest common divisor of 15988 and 714892.
2284
What is the greatest common factor of 57 and 1642341?
57
What is the highest common factor of 37 and 43?
1
What is the highest common factor of 2128 and 4408?
152
What is the highest common factor of 4179 and 2?
1
Calculate the greatest common factor of 6757 and 1189.
29
Calculate the highest common factor of 1953 and 504.
63
What is the highest common factor of 498824 and 552?
184
Calculate the greatest common factor of 100208 and 16.
16
What is the greatest common divisor of 30997 and 4448?
139
What is the greatest common factor of 1612 and 372?
124
What is the greatest common factor of 15292 and 128?
4
What is the highest common factor of 1316 and 151669?
329
Calculate the highest common divisor of 1555572 and 8.
4
What is the greatest common factor of 35667 and 6605?
1321
What is the highest common divisor of 30 and 52905?
15
Calculate the highest common factor of 35825 and 125.
25
What is the greatest common divisor of 730075 and 87?
29
What is the greatest common divisor of 876 and 94389?
219
What is the greatest common divisor of 20 and 25490?
10
Calculate the highest common divisor of 10800 and 40608.
432
What is the highest common factor of 20 and 14418800?
20
What is the greatest common divisor of 222 and 14171?
37
Calculate the greatest common factor of 191358 and 18.
18
What is the greatest common factor of 123 and 412296?
123
Calculate the greatest common divisor of 510 and 544170.
510
What is the greatest common divisor of 61727 and 7?
1
What is the greatest common divisor of 55 and 345?
5
Calculate the highest common factor of 54220 and 160.
20
Calculate the highest common factor of 154554 and 6.
6
What is the greatest common divisor of 23 and 1462271?
23
Calculate the greatest common factor of 185778 and 144.
18
What is the greatest common divisor of 1786 and 81874?
94
Calculate the greatest common divisor of 704 and 4917616.
176
What is the highest common factor of 92841 and 252?
21
Calculate the highest common factor of 93490 and 35.
5
Calculate the greatest common divisor of 2808 and 26784.
216
What is the greatest common divisor of 5096 and 2600?
104
Calculate the highest common factor of 3 and 3054.
3
Calculate the highest common divisor of 76136 and 2728.
248
Calculate the greatest common factor of 16939 and 208.
13
Calculate the highest common factor of 2705007 and 1182.
591
What is the highest common divisor of 38916 and 8901?
207
What is the greatest common factor of 752 and 28?
4
Calculate the highest common factor of 1342 and 517.
11
What is the highest common factor of 12 and 2394690?
6
What is the highest common factor of 1061 and 1765504?
1061
What is the greatest common divisor of 7887291 and 321?
321
Calculate the greatest common factor of 333 and 1251.
9
Calculate the greatest common divisor of 204334 and 5278.
754
Calculate the highest common factor of 775 and 3195015.
155
Calculate the highest common factor of 29 and 457.
1
Calculate the highest common divisor of 118170 and 18.
18
Calculate the highest common divisor of 30 and 61044.
6
Calculate the highest common factor of 4312 and 672.
56
Calculate the highest common divisor of 203100 and 6.
6
What is the highest common factor of 52 and 2834?
26
Calculate the greatest common divisor of 6515 and 55.
5
Calculate the highest common factor of 1904 and 136408.
136
Calculate the greatest common divisor of 207 and 29739.
69
What is the highest common factor of 7938 and 25186?
98
What is the highest common divisor of 15274 and 49?
7
What is the highest common factor of 987545 and 13?
13
Calculate the highest common factor of 15981 and 21.
21
What is the greatest common factor of 124356 and 482?
482
What is the highest common divisor of 24 and 1117336?
8
What is the greatest common divisor of 32 and 22064?
16
What is the highest common divisor of 1715 and 89?
1
What is the highest common factor of 836955 and 630?
315
Calculate the greatest common divisor of 165913 and 22.
11
Calculate the highest common divisor of 5515 and 35.
5
What is the greatest common factor of 2535 and 275145?
195
What is the highest common divisor of 2894144 and 704?
704
What is the highest common factor of 12048 and 480?
48
What is the greatest common factor of 2964 and 291954?
1482
Calculate the highest common divisor of 108531 and 31.
31
Calculate the greatest common divisor of 109293 and 357.
51
What is the highest common divisor of 320 and 1630?
10
Calculate the greatest common factor of 199770 and 60.
30
Calculate the highest common divisor of 165 and 45510.
15
Calculate the highest common factor of 147 and 383376.
147
What is the greatest common divisor of 704 and 726528?
704
Calculate the highest common factor of 232784 and 16.
16
What is the greatest common factor of 457574 and 52?
26
What is the greatest common factor of 111511 and 57?
19
What is the highest common divisor of 1877067 and 81?
27
What is the highest common divisor of 806851 and 1151?
1151
Calculate the highest common factor of 2004 and 349364.
668
Calculate the greatest common factor of 16 and 802728.
8
Calculate the greatest common factor of 16 and 16824.
8
Calculate the greatest common factor of 136770 and 210.
30
Calculate the highest common divisor of 3185 and 104.
13
What is the highest common divisor of 675 and 651825?
225
Calculate the highest common divisor of 1247 and 12731.
29
What is the highest common divisor of 551 and 87?
29
Calculate the greatest common factor of 78 and 13494.
78
Calculate the highest common factor of 131 and 76373.
131
What is the highest common divisor of 68 and 64090?
34
Calculate the greatest common factor of 44649 and 1107.
369
What is the highest common divisor of 1788 and 33674?
298
Calculate the highest common factor of 618 and 4222485.
309
What is the greatest common divisor of 52488 and 2268?
324
What is the highest common factor of 7282816 and 384?
128
What is the highest common factor of 31 and 424700?
31
Calculate the highest common divisor of 282952 and 313.
313
What is the greatest common divisor of 31280 a